True
Is 402929167 a composite number?
True
Is 22826783033 a prime number?
True
Is 10693189919 composite?
False
Is 32779793 a prime number?
True
Is 18606671365 a prime number?
False
Is 2543589493 a prime number?
False
Is 65278075619 prime?
True
Is 19209641683 composite?
False
Is 3995178302 composite?
True
Is 1523754629 a prime number?
False
Is 2961773989 prime?
True
Is 4661205677 composite?
False
Is 758060839 a composite number?
True
Is 324068151371 a composite number?
False
Is 2890566149 a composite number?
False
Is 5712336703 composite?
True
Is 26312674523 composite?
True
Is 6982164139 composite?
False
Is 1542556651 composite?
False
Is 4528863007 a composite number?
True
Is 1959697793 a prime number?
True
Is 24453009827 composite?
False
Is 592919501 composite?
True
Is 1932982141 a composite number?
True
Is 17436343853 prime?
False
Is 4697510213 composite?
True
Is 3794599667 a composite number?
False
Is 1313053051 prime?
True
Is 1129249169 prime?
True
Is 59594252087 prime?
True
Is 7170694499 a prime number?
True
Is 196064161 a composite number?
False
Is 6035766827 a composite number?
True
Is 53382220219 composite?
False
Is 581957161 a prime number?
False
Is 118563407 composite?
True
Is 5271723767 a composite number?
False
Is 560641409 composite?
False
Is 32675674793 composite?
False
Is 641111089 a composite number?
True
Is 38372321257 a prime number?
True
Is 17512124789 a prime number?
True
Is 3682981067 composite?
True
Is 20490101521 prime?
True
Is 2089523981 composite?
False
Is 155198984351 a composite number?
False
Is 975528955 a prime number?
False
Is 501549913 prime?
True
Is 39063323509 a composite number?
True
Is 478268909 prime?
True
Is 47554007 prime?
False
Is 1408159579 prime?
False
Is 47602715581 a composite number?
False
Is 3787077269 composite?
True
Is 71749789 composite?
True
Is 8486609113 a composite number?
True
Is 919884547 a composite number?
False
Is 80479871 prime?
False
Is 3344122463 a composite number?
True
Is 3442897343 prime?
False
Is 4923032209 a composite number?
True
Is 1658392129 a prime number?
True
Is 594477450601 composite?
False
Is 267510977 a composite number?
False
Is 542341753 a composite number?
True
Is 2919162847 composite?
False
Is 12936878797 a composite number?
False
Is 12756810263 prime?
True
Is 6109417937 composite?
True
Is 3893331847 composite?
True
Is 1812312734 a composite number?
True
Is 14046183491 composite?
False
Is 1542523943 composite?
False
Is 37378263983 a prime number?
True
Is 305209 composite?
False
Is 6650190097 composite?
False
Is 5685748399 prime?
False
Is 182876733899 prime?
False
Is 3755379161 prime?
False
Is 51948817 a composite number?
True
Is 3157396103 composite?
True
Is 6166614334 composite?
True
Is 5683728301 a prime number?
True
Is 625539029 a composite number?
True
Is 81946056977 prime?
True
Is 3296858713 prime?
True
Is 714838223 a prime number?
False
Is 12763672345 a prime number?
False
Is 2518622461 a prime number?
True
Is 761567693 a composite number?
True
Is 59938028461 composite?
False
Is 553776693441 a composite number?
True
Is 98239605227 a composite number?
False
Is 49266248921 prime?
False
Is 16161737261 prime?
False
Is 158069623 composite?
False
Is 74689717811 prime?
True
Is 40766651 a composite number?
False
Is 13126205003 a composite number?
True
Is 7181196511 a composite number?
True
Is 90717218891 a prime number?
False
Is 16755900209 a prime number?
True
Is 65390153 a composite number?
True
Is 153855151 composite?
True
Is 13444974031 a composite number?
True
Is 1223480519 a prime number?
True
Is 1484447501 prime?
False
Is 9167541067 a prime number?
False
Is 201894491 prime?
False
Is 671798437 a composite number?
True
Is 238619653 a composite number?
False
Is 6948410011 composite?
False
Is 5820053179 a composite number?
True
Is 473535533 composite?
True
Is 28151873429 a prime number?
True
Is 25288762919 a composite number?
True
Is 458989367 a composite number?
False
Is 1724460293 prime?
False
Is 100092630479 prime?
True
Is 72486114541 a prime number?
False
Is 759983209 composite?
True
Is 2146072627 a composite number?
False
Is 1127850571 prime?
False
Is 329451924527 a prime number?
False
Is 980974409 a prime number?
False
Is 1454627191 a prime number?
False
Is 3740051261 a composite number?
False
Is 2289986051 a composite number?
True
Is 7559281307 prime?
True
Is 6406580941 prime?
True
Is 32885398811 a composite number?
True
Is 4919452211 a prime number?
True
Is 374721161 composite?
False
Is 3406181 a prime number?
True
Is 253632182 prime?
False
Is 725497987 a prime number?
False
Is 15603058939 composite?
True
Is 2792712809 prime?
True
Is 417295979303 a prime number?
False
Is 19668317269 composite?
False
Is 113395468343 composite?
False
Is 3078672997 a prime number?
True
Is 11705082861 prime?
False
Is 111038399 composite?
False
Is 9081844303 a prime number?
False
Is 19797679957 a composite number?
True
Is 6775115467 a prime number?
True
Is 1316225641 a prime number?
False
Is 37777927349 prime?
True
Is 504081119 composite?
False
Is 123139616933 a prime number?
True
Is 4180538837 prime?
True
Is 22939654499 a prime number?
True
Is 1828483039 a prime number?
True
Is 10821530485 composite?
True
Is 11241786481 a prime number?
True
Is 207760387 prime?
True
Is 13608930211 composite?
False
Is 1573447217 a prime number?
True
Is 4573580707 prime?
True
Is 14734105907 a prime number?
True
Is 18459477599 composite?
True
Is 2231350409 prime?
True
Is 868014347 composite?
True
Is 1302840829 a prime number?
False
Is 19316117413 a composite number?
False
Is 741918297 prime?
False
Is 26118377 a prime number?
False
Is 180780441409 composite?
False
Is 360297809 a composite number?
True
Is 17227470983 prime?
True
Is 261380569 composite?
False
Is 55343013161 prime?
True
Is 4536790127 prime?
True
Is 130523581 composite?
True
Is 409227059 composite?
False
Is 55485448927 prime?
False
Is 8412522609 composite?
True
Is 570291431 prime?
True
Is 1579468873 a prime number?
False
Is 34562277011 a composite number?
False
Is 336300557 a prime number?
False
Is 3093031042 a prime number?
False
Is 8284079093 a composite number?
False
Is 21497153971 a prime number?
False
Is 5495783621 a prime number?
False
Is 148652983 prime?
False
Is 25827250483 a composite number?
True
Is 239443231 a composite number?
False
Is 6311935807 prime?
False
Is 4630711199 a prime number?
True
Is 25801665887 a composite number?
False
Is 14335533767 a composite number?
False
Is 1789467437 composite?
False
Is 31972759633 a prime number?
False
Is 82784819393 a prime number?
True
Is 19804621 composite?
True
Is 4354976803 a prime number?
True
Is 2452834441 a prime number?
False
Is 17066716201 composite?
True
Is 8322884302 composite?
True
Is 166236515 prime?
False
Is 46691335417 a composite number?
False
Is 60363287681 a composite number?
True
Is 27856749793 a prime number?
True
Is 1806654887 a composite number?
False
Is 84323419 a prime number?
False
Is 1135931953 a composite number?
True
Is 27265954511 a prime number?
True
Is 791623747 a composite number?
False
Is 16188894745 a prime number?
False
Is 3385114183 a prime number?
False
Is 7005689533 composite?
False
Is 4739854831 prime?
False
Is 156539917139 a composite number?
False
Is 2568930239 prime?
False
Is 59194207 a prime number?
True
Is 2602437297 prime?
False
Is 101149783645 prime?
False
Is 1831736921 a prime number?
False
Is 18561913001 composite?
False
Is 10542179849 a composite number?
True
Is 1432311761 prime?
False
Is 2872095673 a prime number?
True
Is 141283976051 a prime number?
True
Is 415604087 prime?
True
Is 790144841 a composite number?
True
Is 464436903419 a composite number?
False
Is 157354963 prime?
True
Is 29957186309 a composite number?
False
Is 35531003327 composite?
False
Is 2389756841 a composite number?
True
Is 10597171121 a composite number?
True
Is 154644205943 prime?
True
Is 1452392849 a composite number?
False
Is 1652551777 prime?
True
Is 367953571 a prime number?
True
Is 540996293 prime?
True
Is 374430895 a prime number?
False
Is 1560655423 a prime number?
True
Is 1315047407 prime?
False
Is 644877743 a prime number?
True
Is 266576387885 a prime number?
False
Is 961969261 composite?
True
Is 2331584693 a prime number?
False
Is 4171957727 a composi